In base 7, what is -1242 - 332?
-1604
In base 3, what is -100000102 + -2?
-100000111
In base 12, what is 29abb1 + 4?
29abb5
In base 15, what is -5b452 + 4?
-5b44d
In base 13, what is -19 + 33b2?
3396
In base 10, what is 19645 - -2?
19647
In base 10, what is -23 - 257367?
-257390
In base 13, what is 2 + -7326?
-7324
In base 16, what is -d3 + 57?
-7c
In base 14, what is -16a59 - 6?
-16a61
In base 15, what is 4 - 22e6?
-22e2
In base 3, what is 220221 + -112122?
101022
In base 8, what is 72704 - 3?
72701
In base 2, what is 111101100111010 - -100?
111101100111110
In base 16, what is 72d - -2e?
75b
In base 12, what is -3 - -71b3?
71b0
In base 7, what is -3 + -21325?
-21331
In base 14, what is -4 - 3d100?
-3d104
In base 7, what is 12316 + 14?
12333
In base 3, what is -10 - -2201110011?
2201110001
In base 9, what is -477 + -77?
-565
In base 5, what is 1040 - -1241?
2331
In base 12, what is -b + 7?
-4
In base 15, what is d14a + -4?
d146
In base 5, what is -1223033 + 10?
-1223023
In base 8, what is -17 + -177276?
-177315
In base 6, what is 0 - 14011?
-14011
In base 16, what is 8b29e + 2?
8b2a0
In base 9, what is -15311 - 5?
-15316
In base 10, what is -31 - -2902?
2871
In base 3, what is 1001211 - -121?
1002102
In base 16, what is 5 - -7dda?
7ddf
In base 11, what is -23695 - -2?
-23693
In base 14, what is 1065 + -5?
1060
In base 13, what is 94c + -1c1?
75b
In base 10, what is 11 + 6382?
6393
In base 8, what is 32042 + -32?
32010
In base 5, what is 41110 + 110?
41220
In base 5, what is 3412 - -414?
4331
In base 2, what is 110111001011000 + 1000?
110111001100000
In base 5, what is 1112100044 - -4?
1112100103
In base 14, what is d3a3 + 6?
d3a9
In base 13, what is 64418 + 3?
6441b
In base 8, what is 2 - -5762?
5764
In base 16, what is -2 + 1f849?
1f847
In base 16, what is 23440 - 2?
2343e
In base 2, what is 11100 - -11011100010101011?
11011100011000111
In base 12, what is 634 + -138?
4b8
In base 15, what is 0 + -41d0e?
-41d0e
In base 8, what is 101030 - -1?
101031
In base 4, what is 2201120 + -210?
2200310
In base 11, what is -5 + -982653?
-982658
In base 3, what is 10120 + 200022?
210212
In base 10, what is -11291 + -1?
-11292
In base 11, what is 1 - 30227?
-30226
In base 12, what is -82 - -2ab?
229
In base 2, what is -1001 + -1110101001110100?
-1110101001111101
In base 10, what is 303726 - -1?
303727
In base 4, what is 2111312110 - -10?
2111312120
In base 16, what is 0 - 76c2?
-76c2
In base 12, what is 284 - -a?
292
In base 15, what is c1 - -23b?
30c
In base 6, what is 4 + -121414?
-121410
In base 15, what is -5bcd - -78?
-5b55
In base 10, what is 145035 + 2?
145037
In base 13, what is -2 - -11a9?
11a7
In base 14, what is dcaa - -2?
dcac
In base 15, what is -ded + -b?
-e09
In base 11, what is -5 - -2106?
2101
In base 4, what is -10 + 20322022?
20322012
In base 3, what is -121011111211 - -202?
-121011111002
In base 16, what is adfa + 2?
adfc
In base 7, what is 605 + -6?
566
In base 14, what is -2d8 - 20?
-318
In base 15, what is 53e287 + 5?
53e28c
In base 3, what is -1200 - 1111?
-10011
In base 7, what is 345 + 1445?
2123
In base 12, what is 2 + 30850?
30852
In base 4, what is 1003133321 + -2?
1003133313
In base 3, what is 21 - -21212100212?
21212101010
In base 14, what is -3ba + -3c?
-418
In base 7, what is 0 + 1441110?
1441110
In base 2, what is -1100001101101 - 10?
-1100001101111
In base 4, what is -12320 - -3210?
-3110
In base 6, what is -1533541 + -55?
-1534040
In base 12, what is -6 + -32994?
-3299a
In base 4, what is -20301022 - 12?
-20301100
In base 7, what is 2 - 1334100?
-1334065
In base 3, what is -20012 + 12011211?
11221122
In base 12, what is 475 + 3?
478
In base 4, what is 230100010 - -13?
230100023
In base 6, what is -212 + -435?
-1051
In base 14, what is -121d4 - 12?
-12206
In base 6, what is 2 - -1504152?
1504154
In base 3, what is 120211010 - 112001?
120022002
In base 10, what is 12 + 57?
69
In base 10, what is 4 + 501126?
501130
In base 6, what is -240404 + 20?
-240344
In base 9, what is 4 - 12677?
-12673
In base 14, what is -5 - 474db?
-47502
In base 9, what is 820 + 6?
826
In base 10, what is -1689 - 1095?
-2784
In base 10, what is 373 + -37?
336
In base 6, what is -350 + 0?
-350
In base 16, what is -4 - 6484e?
-64852
In base 12, what is -120a9 + -11?
-120ba
In base 5, what is 2 + -23134?
-23132
In base 6, what is -4044545 + 2?
-4044543
In base 9, what is -12 - -1676?
1664
In base 2, what is 0 + 1111010100?
1111010100
In base 8, what is 22136 - -6?
22144
In base 6, what is -2041011 - 2?
-2041013
In base 10, what is 145 + -12624?
-12479
In base 11, what is 500 + 2700?
3100
In base 14, what is 38637 + 8?
38641
In base 6, what is 0 + 10505404?
10505404
In base 2, what is 10001110 + -1110?
10000000
In base 10, what is -2 + 39206?
39204
In base 7, what is 5 + -51552?
-51544
In base 3, what is 2002 - 11102?
-2100
In base 13, what is 60 + 2c3?
353
In base 13, what is -4 - -20a72?
20a6b
In base 8, what is 2 + -51511?
-51507
In base 14, what is -5 - -32d5c?
32d57
In base 10, what is -4 + -9570?
-9574
In base 8, what is 31166 + -13?
31153
In base 16, what is 36 + 149?
17f
In base 3, what is -2211 - 22122?
-102110
In base 5, what is 34204212 + 10?
34204222
In base 13, what is 1018603 + -5?
10185cb
In base 8, what is -163327 - -16?
-163311
In base 7, what is 1165 - 1646?
-451
In base 12, what is 4429 - -8b?
44b8
In base 2, what is -10000 + 10111111111?
10111101111
In base 12, what is 5 - -94716?
9471b
In base 8, what is -1206 + -1100?
-2306
In base 8, what is 3157 + -52?
3105
In base 16, what is -1 - d59d2?
-d59d3
In base 16, what is -3 - 105d?
-1060
In base 13, what is 3b01 - 11?
3ac0
In base 12, what is 451 + 4a8?
939
In base 10, what is -1 - 16941?
-16942
In base 12, what is -a334 - -1?
-a333
In base 7, what is 2005 - -11?
2016
In base 11, what is 1648805 + 0?
1648805
In base 2, what is 110010 + -100011111?
-11101101
In base 2, what is 1010100101 + 1101001?
1100001110
In base 2, what is -10110110000010000010 + -1?
-10110110000010000011
In base 16, what is abd - -b?
ac8
In base 2, what is -1 - -11101000011111?
11101000011110
In base 12, what is -a54 + -77?
-b0b
In base 12, what is b + -5058?
-5049
In base 7, what is -5122 - -525?
-4264
In base 15, what is 2dd3 + -11?
2dc2
In base 15, what is 13d22 - 6?
13d1b
In base 5, what is 3 - -4042033?
4042041
In base 10, what is -8295 + 12?
-8283
In base 10, what is -350859 - 1?
-350860
In base 4, what is 10 - 13033310?
-13033300
In base 3, what is -12122101021 - -201?
-12122100120
In base 12, what is -335a + 145?
-3215
In base 8, what is 7450 - -56?
7526
In base 6, what is 20 - -151113?
151133
In base 10, what is 17351 + -2?
17349
In base 12, what is -2 - -17ab3?
17ab1
In base 11, what is -4 - -5847?
5843
In base 5, what is -33 + -223243?
-223331
In base 6, what is -3 + 124035?
124032
In base 3, what is -211210 + 11220?
-122220
In base 15, what is 3c - 138?
-eb
In base 10, what is -421301 - 0?
-421301
In base 16, what is -90 + -1dc?
-26c
In base 13, what is -159 - -bb?
-6b
In base 2, what is 11011011 - -1001101000?
1101000011
In base 2, what is 10 + -1100101001110010?
-1100101001110000
In base 7, what is 3142154 + -5?
3142146
In base 7, what is -1613 - -1212?
-401
In base 9, what is -733 + -2310?
-3143
In base 4, what is -31333022 + 11?
-31333011
In base 9, what is 23334 + 17?
23352
In base 13, what is -5244 - -4?
-5240
In base 5, what is -2313 - 41340?
-44203
In base 2, what is -101011100111 + -11000?
-101011111111
In base 13, what is -828837 - 4?
-82883b
In base 9, what is 40 + -70750?
-70710
In base 14, what is -6 - -114d?
1147
In base 16, what is c3f - -1d?
c5c
In base 16, what is -7e + 563?
4e5
In base 12, what is 1 + 224266?
224267
In base 7, what is 333136 - 0?
333136
In base 8, what is -1 - 471176?
-471177
In base 8, what is 2120750 - 3?
2120745
In base 15, what is 4e - -1d90?
1dde
In base 7, what is 22231 + 24?
22255
In base 15, what is -2 + -9756a?
-9756c
In base 8, what is 445515 + 0?
445515
In base 9, what is 0 + -331361?
-331361
In base 16, what is -1 - -167bd?
167bc
In base 6, what is -440515 - 0?
-440515
In base 10, what is 27 - 63042?
-63015
In base 9, what is 836 - -34?
871
In base 4, what is 232120000 + 0?
232120000
In base 9, what is 82 + 408?
501
In base 9, what is -2 - 23053?
-230